 = -5*y - o - 34, 2*o - 21 = 3*y. Is l(y) a prime number?
True
Let l be ((-202)/(-9))/2 + 42/(-189). Suppose l*t + t - 10524 = 0. Is t a prime number?
True
Suppose -25 = -7*p + 80. Is p a composite number?
True
Suppose 19*u + 3*u = 352396. Is u composite?
True
Suppose 4*m + 3384 = 2*x - 20910, -4*x - 2*m = -48598. Is x a composite number?
False
Let x(q) be the first derivative of -q**3/3 - q**2 - 60*q - 2. Let d be x(0). Let i = d + 137. Is i a prime number?
False
Let n(w) be the third derivative of w**6/120 - w**5/15 - w**4/24 + w**3/6 - 16*w**2. Is n(6) a prime number?
True
Suppose -5*x + 10 = 4*w, 0 = -5*x + 4*x - 4*w + 2. Suppose -2*g - 5*l + 1392 = 0, -x*g = -7*g - 3*l + 3461. Is g a composite number?
False
Let a(m) = m**3 - 7*m**2 + 10*m - 7. Let v be a(6). Let x = 242 + v. Is x a composite number?
True
Let c(p) = -p**2 - 17*p - 14. Let w be c(-14). Suppose -z + w = -0*z. Let l = z + -6. Is l a prime number?
False
Is (-1)/((20/(-30))/(3592/12)) a prime number?
True
Let n(l) = -190*l**3 + l**2 + 45*l - 3. Is n(-7) prime?
True
Suppose 20*f = 41145 + 66115. Is f a composite number?
True
Let b be (5 - (3 - 4))*-1. Let w be (-122)/b + 10/15. Suppose 4*s = 199 + w. Is s composite?
True
Let w be 1613 - (-1 + 2)/1. Let b(s) = 117*s + 89. Let r be b(8). Let a = w - r. Is a a composite number?
False
Let t(g) = 45*g**3 + 40*g - 63. Is t(10) a composite number?
False
Let j(d) = d**3 + 14*d**2 - 8*d - 11. Let b = -78 - -66. Is j(b) a prime number?
True
Let x = -49563 - -103550. Is x prime?
True
Suppose 11*j - 7*j + 88 = 0. Is (11/j)/((-2)/2716) prime?
False
Suppose -1145 = -5*c - g, -2*c - g = -4*c + 465. Let x = c - 97. Is x a composite number?
True
Is 392090/30 - 20/30 a composite number?
True
Let o be ((-16)/4 - -6) + -8. Is (326/o)/((-6)/18) a composite number?
False
Suppose 64*z - 38436 = 45724. Is z prime?
False
Let i(d) = d**2 + d + 6. Let o be i(0). Is 9609/(2/o*-3*-3) a prime number?
True
Let d = 24 - 15. Let m(h) = -h**2 + 8*h + 5. Let v be m(d). Let u(x) = -16*x + 1. Is u(v) composite?
True
Suppose -4*d = -2*d - 12. Suppose 893 = -d*j + 4649. Is j a prime number?
False
Let m(d) = -d - 7. Let y be m(-3). Is 3 + (-2 - -1196) + y a prime number?
True
Let c = 7 + -1. Suppose -c*q = 4*i - q - 571, 4*i + 4*q = 576. Is i a prime number?
True
Let p(f) = -3*f + 5. Let c be p(-2). Suppose 0 = -c*z + 7*z + 16676. Is z a composite number?
True
Let b = 39 + -37. Suppose -b*k - 5*q + 169 = -278, 824 = 4*k - 4*q. Is k a composite number?
False
Let m = 241 + 162. Suppose 3*q - m - 2318 = 0. Is q a prime number?
True
Let s(u) = 2*u - 12. Let t be s(6). Suppose -r + t*r = -4*w - 1675, -2*w = -r + 1665. Is r a prime number?
False
Let t(l) = l**3 + l + 1. Let u(p) = -5*p**3 + 8*p**2 + 3*p + 2. Let i(j) = 4*t(j) + u(j). Let w be i(9). Is w/(-4) - -71 - -3 prime?
False
Let o(f) = -1901*f. Is o(-1) a prime number?
True
Let s(w) = -w**3 - 8*w**2 - 12*w + 2. Let g = 40 - 22. Let a be (9/9)/((-2)/g). Is s(a) composite?
False
Let h(x) = 6*x**3 - x**2 + 1. Let b be h(-1). Let m be -85 + -6 + (-3 - b). Let c = 150 + m. Is c a composite number?
True
Suppose 4*q + 5*a + 11 = q, a = -3*q + 5. Suppose q*m - 2599 = 1445. Suppose -m = 2*f - 6*f. Is f prime?
True
Suppose -24*a + 36*a = 266460. Is a a composite number?
True
Let l(t) be the third derivative of 167*t**5/10 + t**4/24 + 20*t**2. Is l(1) a prime number?
False
Is (-30)/18*(-1498 - -1) prime?
False
Let y(r) = 46*r + 4. Suppose -4*j + 37 = 25. Is y(j) a prime number?
False
Suppose -220*t - 45649 = -221*t. Is t composite?
True
Let v(j) = -j**3 + 14*j**2 - 15*j + 24. Let a be v(12). Let h = a - -1622. Is h a prime number?
False
Is (-914)/((6/(-19))/3) composite?
True
Suppose 2*v = 1465 + 1537. Is v prime?
False
Let t be -9*(-3)/((-18)/(-8)). Is (-3)/t + (-6036)/(-16) composite?
True
Is 12316/(-8)*1/((-1)/2) prime?
True
Let m be 2/(3 + -1) + 2. Suppose 494 = -3*c + 4*c. Suppose -2*j = 3*u - 7*j - c, m = -3*j. Is u composite?
False
Suppose 136 = 3*d - d - 2*c, d + c = 74. Suppose 0 = 3*g + 6, -4*g - d = -4*h + 573. Is h a composite number?
True
Let u(f) = -f + 5. Let s be u(17). Let j = s - -12. Suppose g = 4*v - 1172, j*v + 4*g - 879 = -3*v. Is v composite?
False
Let r be 8 - (3 + -3 + -3). Let d = r - 9. Is ((-1110)/(-12))/(d/4) a prime number?
False
Let p(m) = -3715*m + 18. Is p(-5) prime?
True
Suppose -g + 95078 = 5*a, 2*g - 49639 = -3*a + 7405. Let d = a + -6945. Is d a composite number?
False
Suppose 3*m - 67 = -22. Let t = 5 + -23. Is (-290)/m*t/4 prime?
False
Let h(w) = -2*w + 13. Let a be h(5). Suppose 2*p + u - 598 = 0, -2*u = -2*p - a + 595. Is p composite?
True
Let x be ((-117)/(-12))/((-3)/8). Let o be x/(3/9*3). Let c = 189 + o. Is c prime?
True
Let z = -196 - -527. Suppose -10*w + 9*w = -z. Is w a composite number?
False
Suppose 1 = p + 4. Let f(d) = -76*d**3 - d**2 + 2*d + 2. Is f(p) composite?
False
Let f = 6 + -1. Suppose 7*x - 16 = 2*i + 2*x, f*i + 2*x = 18. Suppose i*t - 6*t + 716 = 0. Is t a prime number?
True
Suppose 30*j = 17*j + 28067. Is j a prime number?
False
Suppose -4*w = -3*t - 5, -2*t + 4 + 31 = 5*w. Suppose t*b = 5*k + 20, b - 5*b + 5*k + 18 = 0. Suppose 596 = b*d + 2*d. Is d a composite number?
False
Suppose -1237 = -3*a + 521. Let r = a - 260. Is r a composite number?
True
Let b be 2/(10/(-25)) - -3. Is (b/(-4))/(9/2286) a composite number?
False
Suppose 5*d - 12 = 2*d. Is d/(-20)*0 - -257 composite?
False
Let v(u) = 4099*u**3 + 1. Let o be v(1). Suppose -4*g + 7832 + 344 = -2*b, 5*b - o = -2*g. Is g a composite number?
True
Suppose -119 = -2*r + 119. Suppose -3*u + 320 = r. Is u composite?
False
Let n = 504 + -1039. Let l = -88 - n. Is l a composite number?
True
Let s(z) = -107*z - 142*z - 2 + 68*z. Is s(-1) a composite number?
False
Let p be (-4101)/(-15) - 3/(-5). Suppose 0 = t + 26 - p. Suppose t = 2*o + 82. Is o a prime number?
True
Suppose 47*i - 42*i = 6115. Let v = i - 370. Is v prime?
True
Let q(m) = 314*m**3 - 4*m + 4. Let d be q(2). Suppose 0 = 4*b - y + 5*y - d, -5*y + 1873 = 3*b. Is b composite?
False
Is (-6 + -2)/(-8)*(1 + 6142) prime?
True
Let j(p) = p + 6. Let z be j(-11). Is ((-4)/(-4))/(z/(-75)) prime?
False
Suppose 2*y - 3*y + 22 = 4*c, -2 = 4*y - 2*c. Suppose y*u + 2*u = 10508. Is u composite?
True
Suppose r + f - 99 = 0, 0 = -3*r + 3*f - 129 + 420. Suppose 2*x = 624 - r. Is x composite?
False
Let h be 5/20 + 3/(-1*12). Suppose 3*t - t - 2114 = h. Is t prime?
False
Let f(h) = -5*h**3 + 5*h**2 + 4*h - 3. Let t(s) = -s - 1. Let v be t(3). Let a be f(v). Suppose 2*g = -g + a. Is g composite?
False
Let t be 1/(7/4 + -2). Let i(k) = k**3 - 8*k**2 + 18. Let c be i(8). Is t/c - (-15468)/108 a prime number?
False
Let g(c) = -c**3 - 10*c**2 - 9*c - 1. Let i be g(-9). Is (0 - -789) + 1 - (0 + i) prime?
False
Let d(x) = -4842*x - 137. Is d(-17) prime?
False
Suppose 0*i - 2*i = -10. Let o(k) = 4 + 15*k - 3 - i + 5. Is o(8) a composite number?
True
Let f(k) be the second derivative of 16*k**4 - 2*k**3/3 + 3*k**2/2 + 2*k. Is f(1) prime?
True
Let i(w) = 275*w + 37. Let h be 7/(35/(-10))*-2*2. Is i(h) composite?
False
Suppose -7861 = 5*l - 3*b - 80816, 43773 = 3*l + b. Is l composite?
False
Suppose -4*d = d + m - 4196, 4*m - 4199 = -5*d. Suppose -2*k + d + 199 = 0. Is k composite?
True
Suppose -3*b = -2*q + 2124 + 4372, q - b - 3250 = 0. Is q a prime number?
False
Let u = 40593 + -27472. Is u a prime number?
True
Let d(g) = -7*g**2 + 14*g**2 + 11*g - 4*g**2 - 5*g**2. Let h be d(8). Is ((-1070)/h)/((-1)/(-8)) a prime number?
False
Let k(h) = 65*h**2 + 3. Suppose 2*o - 4*o = -5*s - 2, 0 = 2*s + 4*o + 20. Is k(s) a prime number?
True
Let l(u) = 67*u**2 + 6*u + 17. Let h be -2 + 2 - (-2 + 8). Is l(h) composite?
False
Let a = 29948 + -11647. Is a composite?
False
Let k(o) = 5*o**2 - 39*o + 125. Is k(28) a prime number?
True
Let a(o) = 45*o**2 - 11*o + 25. Suppose -18*q = -15*q - 27. Is a(q) prime?
True
Let n be -15*(-14)/(-63)*(4 + -1). Let q(x) = x**3 + x**2 - x - 108. Let c be q(0). Is (-1)/(-5) + c/n composite?
False
Suppose 25*m + 12293 = 3*q + 30*m, 12 = 3*m. Is q composite?
False
Suppose -20 = 3*u - 2*m - 0*m, 8 = 2*m. Is 2233 - 2*(-4)/u prime?
False
Let n(l) = 14*l**3 + 12*l**2 + l - 20. Is n(9) a prime number?
False
Let o = 42569 + -13780. Is o a prime number?
True
Suppose -6